y m?
2
Let c = -411 + 650. Let k = 257 - c. Calculate the remainder when 57 is divided by k.
3
Suppose 14*s - 30 = -s. Suppose -s*d + 2*w - 6*w + 428 = 0, 5*d - 1070 = 5*w. What is the remainder when d is divided by 54?
52
Let i(n) = -n**3 + 11*n**2 + 2*n + 5. Suppose 13*l - 162 = 72. Calculate the remainder when i(11) is divided by l.
9
Let u(o) = 100*o**3 + 3*o**2 + 9*o - 11. Let i be u(1). Let m = -227 - -399. Let h = m - i. What is the remainder when h is divided by 15?
11
Let m be 15/10*1/(9/258). Suppose 48*h = m*h + 110. Calculate the remainder when h is divided by 12.
10
Suppose -4*x + 3*j = -654, 0 = 4*x - 12*j + 16*j - 640. Calculate the remainder when x is divided by 46.
24
Let c(o) = -o**2 - 46*o + 762. What is the remainder when c(-36) is divided by 21?
9
Let n = 10940 - -80. Calculate the remainder when n is divided by 16.
12
Let i(u) = -2*u**2 + 10*u + 9. Let f(v) = 3*v**2 - 9*v - 7. Let w(l) = 5*f(l) + 6*i(l). Calculate the remainder when w(-7) is divided by 13.
9
Suppose 5*y - 5*f - 635 = 0, -5*f - 87 = -y + 56. What is the remainder when 873 is divided by y?
12
Suppose 2*k + 292 = 2*u, 5*u - 4*k = 3*u + 288. Suppose 3*x = -x + u. Let j(v) = 315*v - 4712. Calculate the remainder when x is divided by j(15).
11
Let n be (282/(-30)*1)/((-1)/5). Suppose 0*z + 3*z = 2*c + n, -4*c = 4. Let u = 3 + 12. Calculate the remainder when u is divided by z.
0
Let d(w) = -3*w**3 + 69*w**2 + 31*w + 114. Calculate the remainder when d(19) is divided by 69.
67
Let s = 222 + -227. What is the remainder when 3 is divided by 1 - (-7 - (0 + s))?
0
What is the remainder when 427 is divided by (27/(-576)*-16)/((-2)/(-32))?
7
Suppose 4*n - 54 = -5*x - 13, -2*n - 17 = -5*x. Suppose -t + 495 = 4*s + s, 0 = -x*s + 4*t + 495. Calculate the remainder when s is divided by 34*(3/(-2) - -2).
14
Let x(a) be the first derivative of a**4/4 + 4*a**3 + 23*a**2/2 + 25*a + 190. Calculate the remainder when x(-9) is divided by 0/3*1 + 9.
7
Suppose 15 = -53*y + 56*y. Suppose 0 = 2*h - 7*h + 15. Suppose s - 28 = -h*g, 0 = 4*g + 5*s - 0*s - 41. What is the remainder when g is divided by y?
4
Suppose 0 = -l - 2*y - 15, -y - 8 = 5*l + 49. Let u(t) = 5*t + 23. Let m be u(l). Let w = -21 - m. What is the remainder when w is divided by 7?
4
Suppose d = -16*b + 21*b + 612, 32*d - 2*b - 19900 = 0. Calculate the remainder when d is divided by (-2)/5 + 37/5.
6
Suppose 0 = -24*m + 159*m - 675. Calculate the remainder when 132 is divided by m.
2
Let u = -5848 - -5927. What is the remainder when u is divided by 72?
7
Calculate the remainder when ((-6)/8)/((-249)/61088) is divided by 17.
14
Let i(f) = -f**3 - 11*f**2 + 13*f + 19. What is the remainder when (31 - 0/(-2))*11/11 is divided by i(-12)?
3
Suppose 3*q - 19 = 4*q + 3*m, -m = -5*q - 175. Let p = -5 - q. Let z(f) = -3*f + 124. Calculate the remainder when p is divided by z(38).
9
Suppose -3*x - 4*l - l + 1206 = 0, 0 = x - 3*l - 402. Let v(y) = y**3 + 7*y**2 + 3*y + 19. Calculate the remainder when x is divided by v(-6).
32
Suppose 16 - 872 = -4*a + 2*r, -2*r + 888 = 4*a. What is the remainder when 1995 is divided by a?
33
What is the remainder when (54 + -51)*(-196)/(-6) is divided by 35?
28
Let b = 152 + -152. Suppose b = -60*j + 52*j + 80. Calculate the remainder when 29 is divided by j.
9
Suppose -5*y + 4*y + 114 = -5*l, -288 = -3*y - 3*l. Calculate the remainder when 14 is divided by 4/(-18) - (-11)/(y/74).
6
Let z = 44 - 42. Suppose 16 - 10 = -2*s + 3*n, 5*s + 5 = 5*n. Suppose -s*i + 4*c = -39, i - c - 14 = -z. What is the remainder when 43 is divided by i?
7
Let s(u) = u**2 - 6*u - 12. Let r(g) = -2*g + 30. Let w be r(14). Let o be (6/(-2))/(w/(-6)). Calculate the remainder when 28 is divided by s(o).
13
What is the remainder when 84 is divided by (-8)/5*(-16335)/594?
40
Calculate the remainder when 7 + -10 - (-1)/(-1) - (0 + -652) is divided by 218.
212
Let u be (-4)/(-18) - -1*6484/(-18). Let p = -246 - u. Suppose -20 = 2*s - 78. Calculate the remainder when p is divided by s.
27
Let k = -267 - -288. Suppose -8*s + k = -155. What is the remainder when 128 is divided by s?
18
Calculate the remainder when 6 + (5636/(-8))/((-6)/12) is divided by 28.
15
Let g = 999 + -973. Calculate the remainder when g is divided by 26.
0
Suppose -3*r - 3*y + 1026 = 0, 4*r = -3*y + 930 + 435. Let i = -16218 + 16275. What is the remainder when r is divided by i?
54
Suppose h = 2 - 0. Suppose 4*a - h*a - 4 = 0, f - 27 = 2*a. Let s = -8397 + 8457. Calculate the remainder when s is divided by f.
29
Let q(f) = f**3 - 44*f**2 - 83*f + 233. Calculate the remainder when q(46) is divided by 59.
57
Suppose 0 = -35*j + 31*j + 520. Suppose -4*g = -s - 27 - 76, -s - j = -5*g. Calculate the remainder when g is divided by 12.
3
Let t = -172 + 86. Let z = 157 + t. What is the remainder when z is divided by 15?
11
Suppose -5*q + 143 + 342 = 0. Suppose 5*g - 220 - q = -2*f, 0 = g - 5*f - 85. What is the remainder when g is divided by 15?
5
Let d(w) = 2*w**2 - 5*w + 16. Let f be d(6). Let g = 58 - f. Let v = g - -88. Calculate the remainder when v is divided by 30.
28
What is the remainder when 739 is divided by (-51)/476*-68*21?
127
Suppose 2*a - 5560 = -4*j, -a + j + 1485 = -1292. Calculate the remainder when a is divided by 199.
191
Suppose -2*v = 2*g + 32, -g + 5*v - 3 - 43 = 0. Calculate the remainder when (1 - g)*(-5 - (-45)/6) is divided by 47.
8
Calculate the remainder when 1131 is divided by 1192/22 + (-11)/363*6.
51
What is the remainder when (16/(-20) - (-292084)/80) + (-3)/(-4) is divided by 42?
39
Let k(i) = -1383*i - 6774. Calculate the remainder when 460 is divided by k(-5).
37
What is the remainder when 0 + (-35)/(-45)*-3 + 5232/36 is divided by 43?
14
Suppose 4*u = 5*o - 251, -213*u + 214*u + 50 = o. Suppose -1778 = -8*g + 3*g + 4*c, -3*g + 1066 = -2*c. Calculate the remainder when g is divided by o.
48
Calculate the remainder when 6556/3 + ((-294)/(-9))/(-14) is divided by 78.
77
Suppose -4641 - 2982 = 12*x - 75*x. What is the remainder when 461 is divided by x?
98
Suppose -8*p - 185 - 23 = 0. Let b = 4 + p. Let f = 35 + b. What is the remainder when 49 is divided by f?
10
Calculate the remainder when (3658/217)/(10/35) is divided by 20.
19
Let k = -43 + 96. Calculate the remainder when k is divided by 76/12 + (-38)/114.
5
Let s = 127 - 295. Let h = s + 211. Calculate the remainder when 470 is divided by h.
40
Let j be (11 - -3)*((-40)/(-7) + -4). Suppose j = -9*b + 15*b. Suppose 0 = 3*k + l - 19, -b*l - 3 - 1 = -4*k. What is the remainder when 12 is divided by k?
2
Let w = 337 + -306. Calculate the remainder when 59/2*(3 - 1) is divided by w.
28
Suppose -12*s + 7*s - 3*v + 872 = 0, -4*v + 16 = 0. Calculate the remainder when 674 is divided by s.
158
Let m(b) = -22*b - 2987. What is the remainder when 581 is divided by m(-144)?
38
Suppose 4*j = -4*s - 16, s + 16 = -73*j + 69*j. Let t(m) = m**3 - 3*m**2 + m + 368. What is the remainder when t(s) is divided by 53?
50
What is the remainder when 2376 is divided by 13/4 - (16 - 13) - (-44451)/132?
17
What is the remainder when 4185 is divided by 1401 + 1 + 42/(-9 - -3)?
0
Let j = 916 - 154. Let u be j/10 + 16/(-80). Suppose -5*z = 4*x - 126, -5*x = -z - 96 - u. Calculate the remainder when x is divided by 9.
7
Let z(m) = -16040*m + 16096*m + 4 - 2 - 1 - 5. Let w be (-4)/6*(-3)/2. Calculate the remainder when z(w) is divided by 29.
23
Suppose -4*a + 47 = -3*m - 6*a, 0 = -a + 2. Calculate the remainder when m + 18 - (-227 - -2) is divided by 38.
36
Calculate the remainder when 2333 is divided by (39/(-6))/(((-20)/(-32))/(-5)).
45
Let m = -10483 - -10593. What is the remainder when 322 is divided by m?
102
Suppose -23*y = -20*y - 4*i - 2080, -3*y - 2*i = -2074. Let h = 756 - y. What is the remainder when 957 is divided by h?
61
Let l = 1642 - 1630. What is the remainder when 727 is divided by l?
7
Suppose l - 3*w = -2*w + 11, 0 = -3*l - w + 21. Suppose 2 = 5*a - l. Let v = -21133 - -21136. Calculate the remainder when v is divided by a.
1
What is the remainder when (138/4)/(495/17490) is divided by 20?
19
Suppose 8 = h + 7*h. Let t = 9 + h. Suppose -t = -a - 3*p, -a - p + 3*p = -25. Calculate the remainder when 90 is divided by a.
14
Let b(y) = -y + 2 - 4 - 5*y - 72*y**2 + 81*y**2. Let s be b